79
Let d(t) = -2122*t**2 - 19113*t - 145. Calculate d(-9).
-10
Let d(a) = -a**2 - 17993*a + 342188. What is d(19)?
-40
Let j(c) = 68*c**2 + 232*c + 123. Determine j(-2).
-69
Let x(n) = n**3 + 130*n**2 - 4419*n - 123. Determine x(28).
17
Let s(v) = -81*v**2 - 1212*v - 1074. What is s(-14)?
18
Let x(h) = -2*h**3 - 44*h**2 + 182*h + 2030. Calculate x(-24).
-34
Let l(f) = -163*f**2 + 3270*f - 12. What is l(20)?
188
Let w(x) = 180*x + 70844. Give w(-396).
-436
Let x(m) = 3330*m + 1192. Give x(-1).
-2138
Let m(t) = -2*t**3 + 287*t**2 + 463*t - 4075. Calculate m(145).
-15
Let g(j) = -7*j**3 + 47*j**2 + 442*j - 2828. What is g(6)?
4
Let x(d) = -27*d**2 + 2595*d - 285. What is x(96)?
3
Let s(v) = 1000*v - 601922. Calculate s(602).
78
Let x(k) = 25915*k + 699699. Determine x(-27).
-6
Let f(b) = -70*b**3 - 562*b**2 - 31*b - 83. Determine f(-8).
37
Let r(s) = 10*s**3 - 435*s**2 + 993*s + 1300. Determine r(41).
-12
Let m(b) = b**3 + 170*b**2 + 4524*b + 407. Give m(-137).
-4
Let a(m) = -m**2 + 207*m - 10648. Determine a(97).
22
Let y(u) = -1673*u - 595579. Calculate y(-356).
9
Let d(x) = -3*x**3 + 96*x**2 + 21934*x + 511. Calculate d(103).
-4
Let b(u) = u**3 - 45*u**2 + 3157*u - 142088. Calculate b(45).
-23
Let v(c) = -235*c + 1089. What is v(8)?
-791
Let f(y) = -79*y - 18887. Calculate f(-239).
-6
Let t(s) = 5370*s - 61. What is t(0)?
-61
Let x(u) = -1172*u + 75316. Determine x(64).
308
Let p(m) = -m**3 - 16*m**2 + 94*m + 812. Determine p(-18).
-232
Let x(y) = -1162*y - 332395. Calculate x(-286).
-63
Let v(k) = -k**3 + 12*k**2 - 51*k + 232. What is v(13)?
-600
Let z(k) = -k**3 - 34*k**2 + 271*k + 4447. Calculate z(-38).
-75
Let m(p) = -7*p**2 - 1793*p - 10509. Give m(-6).
-3
Let l(v) = -11573*v - 277668. Determine l(-24).
84
Let q(s) = -2*s**3 + 4*s**2 - 122*s + 477. What is q(4)?
-75
Let j(i) = -5726*i - 125863. Calculate j(-22).
109
Let t(s) = s**2 + 9444*s - 28326. Determine t(3).
15
Let t(k) = 196*k**2 - 2146*k - 93. Give t(11).
17
Let i(b) = 32*b**3 - 163*b**2 - 278*b - 115. Calculate i(-1).
-32
Let z(b) = -b**3 - 4*b**2 + 568*b + 3919. Give z(-7).
90
Let d(x) = x**3 + 61*x**2 + 353*x + 262. Calculate d(-6).
124
Let y(q) = -42*q**2 + 672*q - 2483. Give y(10).
37
Let c(a) = -a**2 - 151*a - 4440. Calculate c(-44).
268
Let g(k) = -18*k**2 + 15*k + 1197. Determine g(-9).
-396
Let f(n) = 291*n**2 + 20351*n - 1313. Give f(-70).
17
Let k(y) = 2*y**2 + 26395*y - 396377. What is k(15)?
-2
Let g(m) = 19*m**3 - 383*m**2 - 17*m + 1535. Give g(20).
-5
Let d(x) = 2*x**3 - 783*x**2 - 29849*x + 152. Calculate d(-35).
-58
Let k(a) = 145*a - 3373. What is k(20)?
-473
Let r(o) = 102280*o - 1022801. What is r(10)?
-1
Let u(x) = 731*x + 45314. Determine u(-62).
-8
Let o(t) = 52*t**3 + 15*t**2 + 46*t + 2. Determine o(3).
1679
Let j(k) = 2*k**3 - 24*k**2 - 68*k - 343. Determine j(15).
-13
Let x(j) = 499453*j - 1498343. What is x(3)?
16
Let q(s) = -s**2 - 894*s + 30. Give q(0).
30
Let o(l) = -4633*l + 88145. Calculate o(19).
118
Let t(j) = -4*j**2 - 248*j + 3130. Give t(12).
-422
Let t(r) = r**3 - 33*r**2 - 132*r + 129. Calculate t(37).
721
Let k(w) = 6290*w - 345952. Calculate k(55).
-2
Let p(t) = 2*t**2 - 577*t + 19134. What is p(38)?
96
Let r(d) = -134115*d + 402564. What is r(3)?
219
Let o(g) = -2*g**3 - 29*g**2 - 372*g - 2111. What is o(-8)?
33
Let m(a) = 3*a**3 + 11*a**2 + 127*a - 564. Calculate m(5).
721
Let r(o) = 5*o**2 - 35*o + 496. Determine r(11).
716
Let a(q) = 161*q - 858. Calculate a(7).
269
Let i(c) = -3*c**3 - 98*c**2 + 427*c + 32. What is i(4)?
-20
Let o(l) = -55*l + 3654. Calculate o(66).
24
Let n(a) = 23826*a + 142950. Give n(-6).
-6
Let q(u) = 179*u + 33264. Calculate q(-190).
-746
Let z(a) = -a**3 - 43*a**2 - 135*a + 85. Give z(-40).
685
Let n(j) = -3*j**3 - 9*j**2 + 2*j - 146. Calculate n(-5).
-6
Let s(u) = 5*u**2 - 502*u - 14858. Determine s(-24).
70
Let l(v) = 2*v**2 - 48*v - 4021. Calculate l(-34).
-77
Let y(o) = o**3 - 172*o**2 + 393*o + 19280. Determine y(169).
14
Let z(i) = -205*i**2 - 20529*i - 2897. Determine z(-100).
3
Let l(h) = -598*h**2 + 40081*h - 1066. Calculate l(67).
-61
Let l(w) = -546*w - 62972. Give l(-115).
-182
Let k(w) = 59*w**2 + 25725*w + 396. Determine k(-436).
-40
Let m(c) = -17293*c + 155584. Determine m(9).
-53
Let x(j) = -j**3 + 76*j**2 + 1510*j - 488. Give x(92).
3008
Let x(o) = 68054*o - 1293035. Determine x(19).
-9
Let f(c) = -2*c**3 - 469*c**2 + 1801*c + 32124. Calculate f(-238).
-6
Let g(o) = -427*o - 3338. What is g(-14)?
2640
Let n(b) = -154137*b - 2157927. What is n(-14)?
-9
Let b(n) = -2*n**3 - 46*n**2 - 33*n + 179. Give b(-22).
-63
Let i(k) = 17622*k + 35409. Give i(-2).
165
Let u(y) = y**2 - 53*y - 14043. Give u(148).
17
Let i(r) = 167*r + 1917. Give i(-11).
80
Let d(p) = 910*p - 4037. Give d(4).
-397
Let b(p) = -5*p**2 + 234*p - 2350. Determine b(32).
18
Let g(j) = -9*j**2 + 575*j + 84. What is g(64)?
20
Let k(y) = 6*y**2 + 39*y - 1148. Determine k(-17).
-77
Let g(h) = -12*h**2 + 1833*h + 2303. Give g(154).
-7
Let n(l) = 2*l**3 - 20*l**2 + 25*l - 265. Determine n(8).
-321
Let l(m) = -1167*m - 81827. Give l(-70).
-137
Let i(b) = 43*b**3 - 384*b**2 + 147*b - 1443. Give i(9).
123
Let p(w) = -37*w**2 - 469*w - 1488. Calculate p(-6).
-6
Let p(l) = -l**2 + 277*l - 17983. Give p(172).
77
Let p(o) = -36*o**2 - 378*o - 3885. Determine p(-11).
-4083
Let h(k) = k**3 + 378*k**2 + 11387*k + 785. Give h(-345).
95
Let x(h) = 5*h**3 - 64*h**2 + 508*h - 13. Calculate x(6).
1811
Let g(v) = 478*v - 75035. Calculate g(157).
11
Let p(h) = h**3 - 135*h**2 - 370*h - 5002. What is p(138)?
1070
Let b(o) = -197*o**2 - 2782*o - 5048. Determine b(-12).
-32
Let u(s) = -s**2 - 324*s - 18132. Calculate u(-72).
12
Let b(f) = -14824*f + 4684383. Determine b(316).
-1
Let m(y) = -8171*y + 1797. Determine m(0).
1797
Let d(c) = c**3 + 532*c**2 - 571*c - 20278. Calculate d(-533).
-24
Let k(u) = 901*u - 2220. Determine k(3).
483
Let f(s) = -1437*s + 385117. Determine f(268).
1
Let b(k) = 3*k**2 - 27*k - 2182. What is b(32)?
26
Let m(y) = -y**3 + 36*y**2 + 1414*y + 1544. Determine m(60).
-16
Let w(q) = q**3 - 195*q**2 - 2470*q + 57. Calculate w(-12).
-111
Let j(p) = 83*p**2 + 238899*p + 238899. What is j(-1)?
83
Let k(l) = l**3 - 144*l**2 + 1267*l - 42198. Calculate k(137).
-2
Let x(k) = k**3 - 308*k**2 - 41820*k + 25. What is x(410)?
25
Let g(q) = -q**3 - 154*q**2 - 509*q - 8448. Calculate g(-151).
8
Let s(x) = 268*x**2 + 6429*x - 62. Determine s(-24).
10
Let o(l) = -l**2 - 184*l - 4399. What is o(-27)?
-160
Let k(z) = -z**3 - 10*z**2 - 7*z - 103. Give k(-11).
95
Let s(f) = 2*f**3 - 104*f**2 + 1005*f + 415. What is s(39)?
64
Let a(i) = i**3 + 9*i**2 - 1669*i - 6744. Calculate a(-4).
12
Let x(c) = 6984*c**2 + 48902*c + 72. Determine x(-7).
-26
Let h(n) = n**3 - 826*n**2 + 12908*n + 42052. Give h(810).
-68
Let l(u) = 884*u - 47648. Calculate l(54).
88
Let b(l) = 8*l**2 + 304*l - 2587. What is b(8)?
357
Let f(v) = 9*v**2 - 275*v - 1060. Determine f(36).
704
Let n(a) = -a**3 + 364*a**2 + 87286*a - 524. Determine n(529).
5
Let q(z) = 7624*z - 7389. Give q(1).
235
Let w(s) = 2*s**2 - 1651*s - 16389. Give w(-10).
321
Let n(m) = -m**3 - 273*m**2 + 360*m + 23522. Give n(-274).
-42
Let g(w) = w**3 - 84*w**2 + 674*w + 4904. Calculate g(74).
20
Let n(h) = -2*h**2 + 5053*h - 189189. What is n(38)?
-63
Let g(l) = -175*l + 14269. What is g(83)?
-256
Let d(u) = 105*u**2 + 21659*u + 5979. What is d(-206)?
5
Let n(c) = 5*c**2 - 187*c + 1563. What is n(10)?
193
Let a(i) = -8*i**2 + 461*i - 3613. Give a(46).
665
Let j(q) = 2*q**2 - 310*q + 3809. Give j(13).
117
Let i(b) = 4649*b - 111587. What is i(24)?
-11
Let b(q) = 3*q**2 + 687*q + 4361. Calculate b(-228).
3677
Let y(i) = 2*i**3 - 284*i**2 + 1886*i + 492. Give y(135).
-48
Let r(n) = n**3 + 23*n**2 - 5*n + 199. What is r(-24)?
-257
Let r(c) = -4*c**3 + 13*c**2 + 11531*c - 23125. Calculate r(2).
-43
Let j(b) = 2*b**3 - 37*b**2 - 244*b + 2248. Calculate j(-9).
-11
Let n(m) = -228*m**2 - 10484*m - 163. Determine n(-46).
-347
Let x(r) = 3*r**3 - 317*r**2 - 753*r - 339. What is x(108)?
-15
Let o(z) = 8656*z - 17301. What is o(2)?
11
Let o(k) = 2473800*k + 17316605. Give o(-7).
5
Let m(j) = j**2 - 89*j + 1042. What is m(75)?
-8
Let j(l) = l**3 + 126*l**2 + 487*l - 475. What is j(-122)?
-353
Let w(i) = -2751*i + 16413. 